+ 78, i*h + w - 384 = 2*h. What are the prime factors of h?
7, 11
Let q = 6956 + 100. List the prime factors of q.
2, 3, 7
Let j(r) = r**2 + 12. Suppose 29 = -12*x + 137. Let y be j(x). Let d = y + -11. What are the prime factors of d?
2, 41
Let b(s) = s + 5. Let v be b(-5). Suppose -2*z + 25 = -7*z, v = 3*t - 2*z - 4. List the prime factors of (-156)/t + (25/5 - 1).
2, 41
What are the prime factors of 337200/54 - 152/342?
2, 7, 223
Suppose -9*g = -49289 - 34969. What are the prime factors of g?
2, 31, 151
Let h = -206 - -212. Let x(p) be the first derivative of 4*p**2 + 2*p + 1. What are the prime factors of x(h)?
2, 5
Let x(j) = 6*j**2 + 77*j + 959. List the prime factors of x(-41).
2, 17, 29
Suppose 0 = -2*n - 14 - 10. Let y = n - -17. Suppose 5*o = -20, 0 = 3*p + y*o - 3 + 11. What are the prime factors of p?
2
Suppose -119*h + 614159 = -30*h + 132*h. What are the prime factors of h?
7, 397
Suppose -g = -9*g + 32. Suppose 34 = g*v + 42. What are the prime factors of 2 - v - (-1 - 145)/2?
7, 11
Suppose 2*f + 10 = 0, 0 = -3*x - 4*f + 162446 + 43265. List the prime factors of x.
3, 22859
Let d(f) = 1974*f + 64. Let i be d(-2). What are the prime factors of (i/2)/(7 + -9)?
971
Let k(s) = -926*s + 1399. What are the prime factors of k(-10)?
3, 11, 17, 19
Suppose 28*m - 697050 - 189663 = 346799. What are the prime factors of m?
2, 22027
Suppose 0 = -3*d - p + 1063, 0 = -3*d - 2*d - p + 1769. Let a = d + -247. Suppose 3*q - a = 533. List the prime factors of q.
3, 71
List the prime factors of 33/22*((-331667)/(-21) - 5).
11, 2153
Let j(n) = 13*n**2 + 9*n + 10. Suppose -15*g + 22*g = -35. What are the prime factors of j(g)?
2, 5, 29
Let l = -1283 - -1878. What are the prime factors of l?
5, 7, 17
Suppose y + 5*b = 3*b + 86, 3*b + 207 = 2*y. Suppose 3*n - 55 = -5*h + 61, -2*h + 104 = 3*n. Let p = y - n. List the prime factors of p.
2
Suppose -4*c = 514 - 1894. Suppose 3*w + c = x + 2*x, -3*w + 5*x - 347 = 0. Let p = w - -274. What are the prime factors of p?
2, 5
Suppose 13*d - 8*d = -10. Let u be (-417)/(-6) - d/(-5 - -1). Let f = u - 42. What are the prime factors of f?
3
List the prime factors of (-15)/(-7)*119*14/5.
2, 3, 7, 17
What are the prime factors of (4/3)/2 + 3319164/324?
3, 5, 683
Let z(r) be the second derivative of r**4/12 - 3*r**3/2 - 27*r**2/2 - 8*r. Suppose -33 = -2*u + 9. What are the prime factors of z(u)?
3, 5
Let y be (1 - 3)/((-10)/15). Suppose -y*f + 16 = f, 1196 = 4*c - 5*f. What are the prime factors of c?
2, 19
Let l be (-5)/(-4 + -1)*0. Suppose l = -383*w + 389*w - 414. What are the prime factors of w?
3, 23
Let v(j) be the third derivative of 29*j**4/24 + 17*j**3/6 + 2*j**2 - 3*j. List the prime factors of v(10).
307
Let b(k) = -15234*k - 326. List the prime factors of b(-2).
2, 7, 2153
Let k = 94 + -92. List the prime factors of 4085/76 - k/(-8).
2, 3
Let j(n) = -3371*n - 121. What are the prime factors of j(-1)?
2, 5, 13
Suppose 0 = -5*u + 5*p - 0*p + 40, -5*u - 2*p = -12. Suppose u*v + v + 430 = 0. Let c = -45 - v. What are the prime factors of c?
41
Suppose -302*v = -324*v + 116468. List the prime factors of v.
2, 2647
Suppose 0 = 39*q - 26*q - 419770. What are the prime factors of q?
2, 5, 3229
Let o = -18503 + 33518. What are the prime factors of o?
3, 5, 7, 11, 13
Let i(a) = 83*a**2 - 320*a + 54. What are the prime factors of i(-21)?
3, 19, 761
Suppose 0 = -14*x + 7*x + 35. Suppose x*z = 5169 + 511. What are the prime factors of z?
2, 71
What are the prime factors of 4/(-124) + (-195495443)/(-4433)?
2, 3, 5, 7
Suppose -123 = 5*f + 3*i, 0 = 2*f + f - i + 85. Let q be (2 + -3 + f + 2)/(-2). Suppose -14*a + 3 = -q*a. What are the prime factors of a?
3
List the prime factors of 1849782/186 + (-10)/155.
3, 5, 13, 17
Let g be (5 - 2) + -5 - (-1 + 4). What are the prime factors of 82 - (g/(-5) + 0)?
3
Let l = -1507 + 2143. What are the prime factors of l?
2, 3, 53
Suppose -7*f = -6*f - 3552. Let w = f - 2404. List the prime factors of w.
2, 7, 41
Let o(y) = y**3 - 6*y**2. Let s be o(6). Suppose 2*z - 8 = u, 2*z = -s*u - 3*u + 16. What are the prime factors of ((-111)/z)/((-2)/10)?
3, 37
Let w(p) = 10*p**3 + 4*p**2 - 3*p + 7. Let u be w(-4). Let a = u - -912. List the prime factors of a.
5, 71
Suppose -6*w + w = -990. Let l = w - 97. Suppose -6*q = -l - 349. What are the prime factors of q?
3, 5
List the prime factors of (7981/(-2))/((18/162*-9)/12).
2, 3, 23, 347
List the prime factors of (1062816/20)/6 + (-20)/(-100).
17, 521
Suppose -111*g - 87*g = 45*g - 6385068. List the prime factors of g.
2, 6569
Suppose 148*s - 358285 = 232194 + 168169. List the prime factors of s.
2, 11, 233
Let b be -6 + (-1)/(6/(-54)). Suppose 0 = -b*v - 3*m + 4200, 3*v = 3*m + 1388 + 2842. What are the prime factors of v?
5, 281
Let a(b) = -78*b - 75*b**3 - 81*b - 3 - 2 + 0 + 158*b - 4*b**2. List the prime factors of a(-2).
7, 83
Suppose 2*q - 3*j + 1139 - 7768 = 0, -3*j = q - 3301. What are the prime factors of q?
2, 5, 331
Suppose 4 + 21 = 5*s. Let m(r) = -5*r + 5. Let a(x) = -6*x + 5. Let d(w) = -6*a(w) + 5*m(w). List the prime factors of d(s).
2, 5
Let v = 492 - 490. Suppose -5*i + 2810 = 4*t, -v*t + 2*i - 701 = -3*t. List the prime factors of t.
3, 5, 47
Suppose 9 + 15 = -19*b + 21*b. Let o(h) = -6 - h**2 - 2*h**2 + 2*h**2 + 32*h. What are the prime factors of o(b)?
2, 3, 13
Let a(s) = s**3 - 3*s**2 - 10*s. Let r(z) = z**3 + 12*z**2 + 16*z - 31. Let u be r(-10). What are the prime factors of a(u)?
2, 3, 11
Let y(t) = 4*t**2 - 22*t + 2. Suppose -3*l = l. Suppose h + h - 18 = l. List the prime factors of y(h).
2
Suppose -61246 + 172188 = 34*w. List the prime factors of w.
13, 251
Let z = 17492 - 11291. List the prime factors of z.
3, 13, 53
Suppose -8*c = -14*c. Suppose -8*r - 3*r + 2123 = c. What are the prime factors of r?
193
Let x = 327 + 19. What are the prime factors of 23/(5 - (-1 - x/(-58)))?
23, 29
Let w(u) = 122*u + 141. Let g(t) = -10*t - 52. Let o be g(-6). What are the prime factors of w(o)?
1117
Suppose -48*x - 94848 = 52*x - 113*x. List the prime factors of x.
2, 3, 19
What are the prime factors of (-24)/14*(-4816644)/408?
2, 3, 3373
Suppose -3*v + 2*r = -2828, v - 944 = -19*r + 20*r. Suppose -t - 710 = 5*x - 8*x, 0 = -4*x - 2*t + v. What are the prime factors of x?
2, 59
Let t be (-3)/(159/(-150) + 1). Let a = t - 53. Let j = 37 - a. List the prime factors of j.
2, 5
Let v = 171 - 173. List the prime factors of (-1)/(1 + -1 - v)*-1196.
2, 13, 23
Let y be -6 + 6210/25 + (-6)/(-10). Let a = 419 - y. What are the prime factors of a?
2, 11
Let y be 1/(-1 + -1)*(-2175 + -23). Suppose -55*f + y = -48*f. List the prime factors of f.
157
Let x be 3 + -5 + (4 - -1). Suppose 2*u = -x*y + 164, 6*y - 5*y = -2*u + 52. Suppose 15*l = 13*l + y. List the prime factors of l.
2, 7
Let x be 0*(-4)/(-20) + 4/2. Suppose 0 = -2*t - 4*n + 806, -x*t - n + 6*n = -815. List the prime factors of t.
3, 5
Let x(a) = -a**3 + a**2 - 3*a + 5. Let l be x(0). Suppose 4*k = l*q + 200, 0 = q - 2*q + 4*k - 56. List the prime factors of 2/(8/q)*-1.
3
Let k(x) = 43*x**2 + 211*x - 46. List the prime factors of k(12).
2, 4339
Let t = 54116 + -31598. List the prime factors of t.
2, 3, 139
Let d(m) = -m**2 - 3*m + 5. Let f be d(2). Let z be 9/3 - 1*(4 + f). Suppose -z*q = 2*j - 56 - 318, 0 = 4*q - 12. What are the prime factors of j?
181
Let u = -570 - -362. Let y = u - -392. What are the prime factors of y?
2, 23
Suppose 0 = x + 3, -4*u + 4*x = 2997 - 37181. What are the prime factors of u?
8543
Let m be ((-116694)/72)/((-6)/16). Suppose m = 15*n + 1022. What are the prime factors of n?
2, 5, 11
Let h(r) = -3179*r + 7619. What are the prime factors of h(-8)?
3, 23, 479
Suppose 2487285 = 116*l - 3634383. List the prime factors of l.
3, 7, 359
Let r = 3703 - 1586. Suppose 5*c - 2908 = r. List the prime factors of c.
3, 5, 67
Suppose 152*a - 147*a = 0. Suppose -10*g + 407 + 8313 = a. List the prime factors of g.
2, 109
Let y(q) be the second derivative of -19*q**3/3 - 5*q**2/2 + q. Let x be ((-2)/(-6) - 3)/(6/9). What are the prime factors of y(x)?
3, 7
Let h(v) = 3*v**3 + 4*v**2 - 4*v - 1. Let n be h(1). Suppose n*p - 5*l = -l + 324, -3*p - 2*l + 510 = 0. What are the prime factors of p?
2, 3, 7
Suppose 0 = -4998*g + 5014*g - 144368. List the prime factors of g.